 = 6*j + 1. Let v be f(4). Let u = -7 - v. Let m = -19 - u. Calculate the highest common factor of 91 and m.
13
Let m(j) = j**2 + 8*j + 9. Let l(t) = 7*t. Let d be l(-1). Let u be m(d). Suppose -4*k + 9*k - 20 = 0. Calculate the greatest common divisor of u and k.
2
Suppose 3 = 4*l - 1. Let s(r) be the third derivative of -r**4/24 + 5*r**3/3 - 11*r**2. Let v be s(5). Calculate the greatest common divisor of l and v.
1
Let u(k) = 5 + 1 - 2 + 5*k**3 + 5*k - 4*k**3 + 5*k**2. Let h be u(-3). Calculate the highest common factor of h and 77.
7
Let c be 130/11 - (96/(-44) - -2). What is the greatest common divisor of c and 18?
6
Suppose 2*r = 2 - 46. Let q = -3 + 23. Let b = q - r. Calculate the greatest common divisor of 28 and b.
14
Suppose -4*h + 80 = -2*h. Let d(s) = s**2 - 10*s + 10. Let q be d(10). What is the greatest common divisor of h and q?
10
Let c be (-6)/33 - 92/(-22). Let h be 33 - 6*2/c. What is the highest common factor of h and 6?
6
Let j(g) = g**3 - 5*g**2 + 6*g - 5. Let s be j(7). What is the highest common factor of 27 and s?
27
Let b be (-20)/8*-1*4. What is the greatest common divisor of 5 and b?
5
Let p be (-4)/14 - (-618)/7. Let h = -171 - -182. What is the highest common factor of p and h?
11
Let v be -1*(1*-2 + -3). Let r be 2 - (6 + -2 + 1). Let o be (r/(-4))/(4/240). What is the greatest common factor of v and o?
5
Let q(m) = -m. Let t be q(1). Let n be -1 + (0 - t) + 6. Suppose -f + 16 = i + 3*i, 3*f - i = 35. Calculate the greatest common factor of f and n.
6
Let a(p) = p**3 + 5*p**2 - 2*p - 8. Let i be a(-4). What is the highest common factor of i and 128?
16
Let s = -7 + -6. Let z = -4 - s. Calculate the highest common divisor of z and 63.
9
Let x = 4 + -2. Suppose -l = x, -j - l - 2 = l. Let z(t) = t**2 - 4*t - 3. Let r be z(5). Calculate the highest common factor of r and j.
2
Let w = -13 + 26. Suppose -5*r + 215 + 175 = 0. What is the greatest common divisor of r and w?
13
Suppose -2*x - 4*f = -13 - 137, 0 = 2*f + 4. Suppose -2*z - x = -5*s, 4*z - 8 + 1 = -s. Let j be 2/6 - s/(-9). Calculate the highest common factor of 6 and j.
2
Let m = -47 + 67. What is the highest common factor of 5 and m?
5
Let l = 111 - 45. What is the greatest common factor of l and 11?
11
Let g = 4 + -2. Suppose 11 - 7 = t. Calculate the highest common factor of t and g.
2
Let d(v) = -v**3 + 5*v**2 + 7*v - 2. Let x be d(6). Suppose -5*z - 4*y = y + 5, -5*y = x*z + 9. Calculate the highest common factor of z and 16.
4
Let h be -5*(-3 + -1)*1. Let c = -2 + h. What is the greatest common divisor of 162 and c?
18
Suppose 74 + 1 = 5*q. Suppose -2*b = -7*b + q. Suppose 3*d - 48 = -b. Calculate the greatest common divisor of d and 5.
5
Let u be 5/(-15) + (-19)/(-3). Suppose -3*g = -0*g - u. Suppose 0 = g*s - s - 27. Calculate the greatest common divisor of 9 and s.
9
Let u = -38 - -60. Calculate the greatest common factor of 11 and u.
11
Let o = 10 - -4. Calculate the highest common factor of 7 and o.
7
Suppose 3*r + 6 = 27. Let s be (-4)/8 + 2/4. Let q be 2/((-2)/(-14) - s). Calculate the highest common factor of q and r.
7
Suppose 4*h - 19 = -7. Let b be 64/h - (-14)/21. Suppose 3*n - 105 + 6 = 0. Calculate the highest common factor of b and n.
11
Let y(x) = 4*x**2 + 2*x. Let k be y(-2). Calculate the highest common divisor of k and 96.
12
Suppose 0 = -9*g + 11*g - 612. What is the greatest common divisor of g and 34?
34
Let q(j) = -j**2 - 6*j + 3. Let r be q(-3). What is the highest common divisor of 48 and r?
12
Let r be 9/2*(1 + 5). What is the highest common divisor of r and 216?
27
Let a(y) = y**3 + 5*y**2 + 4*y. Let t be a(-3). Let r(k) = -k**2 + 4*k - 1. Let f be r(5). Let u = f - -9. What is the greatest common divisor of u and t?
3
Let p(z) = 5*z + 1. Let h be p(1). Calculate the greatest common divisor of 30 and h.
6
Let c = 58 - -46. What is the greatest common divisor of c and 13?
13
Suppose -k = 3*k + 3*y - 44, -5*y + 33 = 3*k. Calculate the highest common factor of 121 and k.
11
Suppose 2*o = o. Suppose -4*d + t + 33 = 0, o = -4*d - 2*t + 39 - 9. What is the highest common factor of d and 40?
8
Suppose 217 = 4*i - 183. Calculate the greatest common divisor of 10 and i.
10
Suppose -5*g - 594 = -2*g. Let q be (2/6)/((-2)/g). What is the greatest common divisor of 3 and q?
3
Let t(s) = -3*s - 6. Let o be t(-7). What is the highest common factor of 45 and o?
15
Suppose -3*q + 34 + 95 = 0. Suppose 5*s = p + p - 23, -3*p + q = s. Let v be -1*7*(-5 + 0). Calculate the highest common factor of v and p.
7
Let r(b) = 3*b**3 - b**2 - 6*b + 1. Let h be r(4). What is the greatest common factor of h and 17?
17
Suppose 5*h - 334 - 238 = l, 4*h = -5*l + 475. Calculate the greatest common divisor of h and 23.
23
Let h = -36 - -83. Calculate the highest common divisor of 235 and h.
47
Let j = -3 - -5. Suppose -o - 2*z - 36 = 0, -3*o + 21 = -j*z + 97. Let a be ((-12)/(-4))/((-6)/o). Calculate the highest common factor of a and 84.
14
Suppose 99 = 6*a - 3*a. Suppose -4 = 2*m, -h - 3*h = -m - 26. Suppose -2*s = -h - 0. Calculate the highest common divisor of s and a.
3
Let g(b) = b + 12. Let i be g(6). Calculate the greatest common divisor of i and 2.
2
Let n be (3 - 4) + -2 + 24. Let m = 7 + n. What is the greatest common factor of m and 14?
14
Suppose 5*s = 30 - 15. Calculate the greatest common factor of s and 12.
3
Let d be (-3 - -1*2) + 3. Let h be d/9 + 223/9. Let t = -217 + 222. What is the highest common divisor of h and t?
5
Suppose 0 = -s - t + 42, -2*t + t = -3*s + 118. Let u be ((-72)/(-10))/(12/s). Calculate the greatest common factor of u and 4.
4
Let a = 1 - -65. Calculate the highest common divisor of a and 22.
22
Suppose -3*w + 5*a - 65 = -8*w, -4*w + 40 = -2*a. Calculate the highest common divisor of 1 and w.
1
Let b be 657/21 - 4/14. What is the highest common divisor of b and 93?
31
Let w = 43 + -21. What is the greatest common factor of 55 and w?
11
Let o = 4 - 10. Let x = 10 + o. Suppose -5*y - 20 = -5*a, 2*y + 3*y + 2 = 2*a. What is the highest common divisor of x and a?
2
Let q = 4 + 15. Suppose 456 = 2*g + g. What is the greatest common divisor of g and q?
19
Suppose 3*c - 20 = -2*c. Let u = 10 + -7. Suppose 3*w = 12, m - 12 = -u*m - w. Calculate the highest common divisor of m and c.
2
Let h be -1 + 79 + (-2 - -4). Suppose -3*r + h = -r. Let s = 93 - 88. Calculate the highest common divisor of r and s.
5
Let w be 0/3 + -2 + 4. Let a be 57/w + (-12)/(-8). Suppose 0 = 4*n - 2*n - a. Calculate the highest common factor of n and 6.
3
Let k(z) be the first derivative of -z**4/4 - 7*z**3/3 - 2*z**2 + 6*z - 9. Let i be k(-7). Calculate the greatest common factor of 85 and i.
17
Let o = -2 - -17. Let s be 1 - (6 - 1)*-1. What is the greatest common factor of o and s?
3
Let b be (-328)/(-28) - (-6)/21. What is the highest common factor of b and 36?
12
Let c be 18*(-1 - 0)/(-3). Suppose 3*f = c - 24. Let d(l) = l**3 + 8*l**2 + 4*l - 4. Let n be d(f). What is the highest common factor of 4 and n?
4
Let q = 17 - 2. Let t = -10 + q. Suppose -t*n + 6*n = -3*b + 37, 0 = -2*b - 5*n + 29. Calculate the greatest common divisor of 18 and b.
6
Let k(p) = 15*p + 5. Let r be k(3). Calculate the greatest common factor of 10 and r.
10
Let v = -180 + 96. Let y = -48 - v. What is the highest common divisor of 24 and y?
12
Let u be (6/5)/(15/(-250)). Let s be 2/10 - 256/u. What is the greatest common factor of s and 143?
13
Suppose 0 = 5*i - 11 + 1. Let d = -5 + i. Let n = 5 + d. What is the highest common divisor of n and 6?
2
Suppose -3*m = -8*m + 200. Calculate the greatest common factor of m and 8.
8
Let n be 1/2 + (-69)/(-6). Suppose 4*o + 0*o = 16. Let f = o - -4. What is the greatest common divisor of n and f?
4
Suppose -t + 3*u = -6*t + 21, -3*t - 3*u + 15 = 0. Suppose v + 8 = -t*v. Let o be 66/(-12)*4/v. What is the greatest common factor of o and 11?
11
Suppose -3*x + 0*x = -453. Let c(v) = -v**3 - 10*v**2 + 17*v + 10. Let w be c(-11). Let k = w + x. What is the highest common divisor of k and 19?
19
Let r be (-9)/4 + 3/12. Let s be (10/(-4))/(r/(-20)). Let o = s - -47. What is the highest common factor of 2 and o?
2
Let h(b) = -b**3 - 10*b**2 - 2*b + 2. Let t be h(-10). Calculate the highest common divisor of 2 and t.
2
Suppose 0 = -2*q 